{"id":1025,"date":"2019-02-04T21:17:01","date_gmt":"2019-02-05T03:17:01","guid":{"rendered":"https:\/\/nextor.io\/x_1\/?page_id=1025"},"modified":"2019-02-04T21:19:22","modified_gmt":"2019-02-05T03:19:22","slug":"lanubesota-mx-call-center","status":"publish","type":"page","link":"https:\/\/nextor.io\/x_1\/lanubesota-mx-informacion-general\/lanubesota-mx-call-center\/","title":{"rendered":"LaNubesota.MX Call Center"},"content":{"rendered":"<div id=\"cs-content\" class=\"cs-content\"><\/div>\n","protected":false},"excerpt":{"rendered":"<p>Nextor.ioLaNubesota.MX Call Center Call center para empresas 100% en LaNubesota.MX Maximiza la experiencia de clientes y simplifica la vida de tus agentes Los servicios de Call Center aumentan las ventas haciendo m\u00e1s felices a tus clientes y agentes. Con LaNubesota.MX puedes operar t\u00fa mismo el servicio de una manera f\u00e1cil y econ\u00f3mica. Incremento de ventasSatisfacci\u00f3n de clientesReducci\u00f3n de costosToda empresa &#8230; <\/p>\n<div><a href=\"https:\/\/nextor.io\/x_1\/lanubesota-mx-informacion-general\/lanubesota-mx-call-center\/\" class=\"more-link\">Read More<\/a><\/div>\n","protected":false},"author":1,"featured_media":0,"parent":229,"menu_order":0,"comment_status":"closed","ping_status":"closed","template":"template-blank-4.php","meta":{"om_disable_all_campaigns":false,"inline_featured_image":false,"_monsterinsights_skip_tracking":false,"_monsterinsights_sitenote_active":false,"_monsterinsights_sitenote_note":"","_monsterinsights_sitenote_category":0,"_joinchat":[],"footnotes":""},"class_list":["post-1025","page","type-page","status-publish","hentry","no-post-thumbnail"],"aioseo_notices":[],"_links":{"self":[{"href":"https:\/\/nextor.io\/x_1\/wp-json\/wp\/v2\/pages\/1025","targetHints":{"allow":["GET"]}}],"collection":[{"href":"https:\/\/nextor.io\/x_1\/wp-json\/wp\/v2\/pages"}],"about":[{"href":"https:\/\/nextor.io\/x_1\/wp-json\/wp\/v2\/types\/page"}],"author":[{"embeddable":true,"href":"https:\/\/nextor.io\/x_1\/wp-json\/wp\/v2\/users\/1"}],"replies":[{"embeddable":true,"href":"https:\/\/nextor.io\/x_1\/wp-json\/wp\/v2\/comments?post=1025"}],"version-history":[{"count":0,"href":"https:\/\/nextor.io\/x_1\/wp-json\/wp\/v2\/pages\/1025\/revisions"}],"up":[{"embeddable":true,"href":"https:\/\/nextor.io\/x_1\/wp-json\/wp\/v2\/pages\/229"}],"wp:attachment":[{"href":"https:\/\/nextor.io\/x_1\/wp-json\/wp\/v2\/media?parent=1025"}],"curies":[{"name":"wp","href":"https:\/\/api.w.org\/{rel}","templated":true}]}}