{"id":1064,"date":"2019-02-05T13:21:11","date_gmt":"2019-02-05T19:21:11","guid":{"rendered":"https:\/\/nextor.io\/x_1\/?page_id=1064"},"modified":"2022-05-01T10:33:19","modified_gmt":"2022-05-01T15:33:19","slug":"ccp-precios-y-paquetes","status":"publish","type":"page","link":"https:\/\/nextor.io\/x_1\/ccp-call-center-suite\/ccp-precios-y-paquetes\/","title":{"rendered":"CCP Precios y paquetes"},"content":{"rendered":"<div id=\"cs-content\" class=\"cs-content\"><\/div>\n","protected":false},"excerpt":{"rendered":"<p>Nextor.ioNextor CCP Precios y paquetesCCP Precios y paquetes Planes todo inclu\u00eddo de CCP Call center Suite. Los planes incluyen la plataforma con SLA 99.89%, soporte t\u00e9cnico ilimitado. Los minutos de telefon\u00eda se pagan por aparte. Todos los planes son en prepago o postpago. Intro 30Startup 60PRO120PRO180ENT240ENT420 AgentesIlimitadosIlimitadosIlimitadosIlimitadosIlimitadosIlimitados Llamadas simult\u00e1neas10 Canales20 Canales40 Canales60 Canales80 Canales100 Canales Llamadas simult\u00e1neas20 Canales40 Canales80 Canales120 &#8230; <\/p>\n<div><a href=\"https:\/\/nextor.io\/x_1\/ccp-call-center-suite\/ccp-precios-y-paquetes\/\" class=\"more-link\">Read More<\/a><\/div>\n","protected":false},"author":1,"featured_media":0,"parent":1060,"menu_order":0,"comment_status":"closed","ping_status":"closed","template":"template-blank-4.php","meta":{"om_disable_all_campaigns":false,"inline_featured_image":false,"_monsterinsights_skip_tracking":false,"_monsterinsights_sitenote_active":false,"_monsterinsights_sitenote_note":"","_monsterinsights_sitenote_category":0,"_joinchat":[],"footnotes":""},"class_list":["post-1064","page","type-page","status-publish","hentry","no-post-thumbnail"],"aioseo_notices":[],"_links":{"self":[{"href":"https:\/\/nextor.io\/x_1\/wp-json\/wp\/v2\/pages\/1064","targetHints":{"allow":["GET"]}}],"collection":[{"href":"https:\/\/nextor.io\/x_1\/wp-json\/wp\/v2\/pages"}],"about":[{"href":"https:\/\/nextor.io\/x_1\/wp-json\/wp\/v2\/types\/page"}],"author":[{"embeddable":true,"href":"https:\/\/nextor.io\/x_1\/wp-json\/wp\/v2\/users\/1"}],"replies":[{"embeddable":true,"href":"https:\/\/nextor.io\/x_1\/wp-json\/wp\/v2\/comments?post=1064"}],"version-history":[{"count":2,"href":"https:\/\/nextor.io\/x_1\/wp-json\/wp\/v2\/pages\/1064\/revisions"}],"predecessor-version":[{"id":2398,"href":"https:\/\/nextor.io\/x_1\/wp-json\/wp\/v2\/pages\/1064\/revisions\/2398"}],"up":[{"embeddable":true,"href":"https:\/\/nextor.io\/x_1\/wp-json\/wp\/v2\/pages\/1060"}],"wp:attachment":[{"href":"https:\/\/nextor.io\/x_1\/wp-json\/wp\/v2\/media?parent=1064"}],"curies":[{"name":"wp","href":"https:\/\/api.w.org\/{rel}","templated":true}]}}